 digit of 33953?
3
What is the hundred thousands digit of 1393752?
3
What is the ten thousands digit of 8422213?
2
What is the hundred thousands digit of 1077929?
0
What is the thousands digit of 35938?
5
What is the units digit of 370999?
9
What is the units digit of 3484617?
7
What is the units digit of 2765736?
6
What is the thousands digit of 143001?
3
What is the tens digit of 4769459?
5
What is the thousands digit of 2238081?
8
What is the units digit of 658413?
3
What is the thousands digit of 26094134?
4
What is the tens digit of 207218?
1
What is the thousands digit of 939110?
9
What is the thousands digit of 1917925?
7
What is the thousands digit of 4788240?
8
What is the units digit of 726221?
1
What is the millions digit of 4793390?
4
What is the thousands digit of 467277?
7
What is the tens digit of 268354?
5
What is the thousands digit of 61445?
1
What is the millions digit of 6996233?
6
What is the units digit of 152433?
3
What is the hundreds digit of 973150?
1
What is the thousands digit of 1360794?
0
What is the ten millions digit of 18730665?
1
What is the units digit of 28743910?
0
What is the units digit of 100693?
3
What is the thousands digit of 81368?
1
What is the millions digit of 2105384?
2
What is the hundreds digit of 2009501?
5
What is the tens digit of 23342342?
4
What is the thousands digit of 274664?
4
What is the tens digit of 388255?
5
What is the hundreds digit of 7271261?
2
What is the thousands digit of 7617309?
7
What is the tens digit of 58645?
4
What is the hundreds digit of 4977596?
5
What is the ten thousands digit of 26388295?
8
What is the thousands digit of 2264477?
4
What is the units digit of 5541385?
5
What is the millions digit of 3146988?
3
What is the hundreds digit of 16117585?
5
What is the tens digit of 103718?
1
What is the tens digit of 26527598?
9
What is the hundreds digit of 600547?
5
What is the tens digit of 30373?
7
What is the units digit of 6039875?
5
What is the hundred thousands digit of 5279688?
2
What is the thousands digit of 2733258?
3
What is the hundred thousands digit of 2522854?
5
What is the units digit of 2125760?
0
What is the tens digit of 4748867?
6
What is the tens digit of 2716855?
5
What is the millions digit of 1361276?
1
What is the hundred thousands digit of 951706?
9
What is the units digit of 2530635?
5
What is the ten millions digit of 10869379?
1
What is the thousands digit of 1170129?
0
What is the hundred thousands digit of 10405811?
4
What is the tens digit of 3159400?
0
What is the tens digit of 26611?
1
What is the hundreds digit of 160645?
6
What is the tens digit of 181531?
3
What is the tens digit of 4286512?
1
What is the tens digit of 9735197?
9
What is the hundreds digit of 157286?
2
What is the tens digit of 374870?
7
What is the ten thousands digit of 232206?
3
What is the hundreds digit of 4089198?
1
What is the tens digit of 1043261?
6
What is the ten thousands digit of 37377?
3
What is the ten thousands digit of 117750?
1
What is the hundreds digit of 1131271?
2
What is the thousands digit of 191449?
1
What is the ten thousands digit of 23911106?
1
What is the ten thousands digit of 21278?
2
What is the ten thousands digit of 562637?
6
What is the tens digit of 6263192?
9
What is the hundreds digit of 2410333?
3
What is the millions digit of 40754850?
0
What is the units digit of 475536?
6
What is the ten thousands digit of 126882?
2
What is the thousands digit of 929061?
9
What is the tens digit of 129956?
5
What is the hundred thousands digit of 164895?
1
What is the tens digit of 9100?
0
What is the millions digit of 1468301?
1
What is the hundreds digit of 128922?
9
What is the units digit of 3715499?
9
What is the hundreds digit of 3219868?
8
What is the thousands digit of 4457644?
7
What is the hundred thousands digit of 2120102?
1
What is the tens digit of 462081?
8
What is the hundred thousands digit of 3571079?
5
What is the tens digit of 922964?
6
What is the tens digit of 659137?
3
What is the ten thousands digit of 197236?
9
What is the millions digit of 1160662?
1
What is the hundreds digit of 3135023?
0
What is the ten thousands digit of 182032?
8
What is the tens digit of 18520119?
1
What is the ten thousands digit of 163281?
6
What is the millions digit of 9439726?
9
What is the thousands digit of 1373115?
3
What is the tens digit of 274043?
4
What is the ten thousands digit of 2700343?
0
What is the units digit of 494138?
8
What is the thousands digit of 1928513?
8
What is the tens digit of 1724139?
3
What is the tens digit of 323621?
2
What is the units digit of 83972?
2
What is the units digit of 1754172?
2
What is the ten thousands digit of 16965311?
6
What is the thousands digit of 748185?
8
What is the units digit of 896367?
7
What is the units digit of 2238234?
4
What is the units digit of 19013320?
0
What is the thousands digit of 1210598?
0
What is the thousands digit of 11125518?
5
What is the millions digit of 1734803?
1
What is the hundreds digit of 288103?
1
What is the hundreds digit of 13850750?
7
What is the tens digit of 7302945?
4
What is the tens digit of 1060952?
5
What is the hundred thousands digit of 1675914?
6
What is the millions digit of 8429373?
8
What is the millions digit of 11062404?
1
What is the millions digit of 18691018?
8
What is the thousands digit of 38369?
8
What is the units digit of 194305?
5
What is the tens digit of 7757871?
7
What is the ten thousands digit of 573199?
7
What is the hundreds digit of 1024451?
4
What is the ten thousands digit of 540881?
4
What is the ten thousands digit of 438911?
3
What is the ten thousands digit of 778488?
7
What is the thousands digit of 2934145?
4
What is the ten millions digit of 17336874?
1
What is the millions digit of 1208701?
1
What is the units digit of 758791?
1
What is the ten thousands digit of 3389698?
8
What is the units digit of 477909?
9
What is the hundred thousands digit of 1089044?
0
What is the tens digit of 2450948?
4
What is the hundred thousands digit of 109289?
1
What is the hundreds digit of 598257?
2
What is the ten thousands digit of 955705?
5
What is the units digit of 22446?
6
What is the units digit of 1064497?
7
What is the tens digit of 199400?
0
What is the hundreds digit of 3173912?
9
What is the millions digit of 6960531?
6
What is the tens digit of 13217569?
6
What is the units digit of 4726412?
2
What is the ten thousands digit of 4026537?
2
What is the tens digit of 4456424?
2
What is the tens digit of 1253291?
9
What is the hundreds digit of 35298?
2
What is the hundred thousands digit of 26879597?
8
What is the units digit of 3639096?
6
What is the tens digit of 5221615?
1
What is the units digit of 1610027?
7
What is the tens digit of 1712126?
2
What is the millions digit of 2871982?
2
What is the ten thousands digit of 369290?
6
What is the tens digit of 174284?
8
What is the hundreds digit of 433117?
1
What is the ten thousands digit of 16843801?
4
What is the millions digit of 1517276?
1
What is the ten thousands digit of 37924?
3
What is the tens digit of 46075?
7
What is the hundred thousands digit of 249685?
2
What is the thousands digit of 2006488?
6
What is the tens digit of 2808873?
7
What is the units digit of 308041?
1
What is the tens digit of 1492477?
7
What is the tens digit of 160656?
5
What is the hundreds digit of 8613559?
5
What is the units digit of 337770?
0
What is the units digit of 3550597?
7
What is the thousands digit of 344532?
4
What is the tens digit of 6459879?
7
What is the tens digit of 97794?
9
What is the thousands digit of 5541664?
1
What is the ten thousands digit of 28005?
2
What is the hundred thousands digit of 1505596?
5
What is the tens digit of 20869932?
3
What is the ten thousands digit of 726585?
2
What is the tens digit of 79728?
2
What is the ten thousands digit of 2127775?
2
What is the hundreds digit of 6554285?
2
What is the units digit of 2266571?
1
What is the tens digit of 86685?
8
What is the units digit of 650190?
0
What is the hundreds digit of 348365?
3
What is the tens digit of 77405?
0
What is the ten thousands digit of 820666?
2
What is the tens digit of 1033924?
2
What is the hundreds digit of 3587311?
3
What is the hundreds digit of 29678547?
5